1000110000000000110 (base 2) in base 6?
10051234
-31422231 (base 5) to base 15
-53396
Convert a6b24 (base 15) to base 10.
529009
What is 1000001100010001001 (base 2) in base 7?
2165403
4026325 (base 8) to base 7
12003351
Convert -6021763 (base 8) to base 12.
-64366b
2573136 (base 10) to base 14
4ada36
-22432104 (base 6) to base 4
-2220020020
1441120313 (base 5) to base 3
21020111202020
8271702 (base 9) to base 12
159006b
What is 131130233 (base 4) in base 6?
2330235
-20102645 (base 7) to base 12
-6835a2
-14568 (base 9) to base 6
-114012
Convert -2770 (base 16) to base 6.
-114424
What is 1076517 (base 9) in base 10?
582163
Convert 81294 (base 11) to base 4.
131000110
Convert 96329 (base 12) to base 11.
125397
-21221022000 (base 3) to base 16
-2623e
1533683 (base 11) to base 13
70c0a4
-22445534 (base 6) to base 10
-690754
What is 121023515 (base 6) in base 9?
4268632
-411102 (base 7) to base 11
-48678
What is -102202101020000 (base 3) in base 4?
-113311020303
3356 (base 8) to base 6
12114
What is 44066 (base 13) in base 11?
84554
What is -32104312 (base 5) in base 7?
-2201140
Convert -31a4cf (base 16) to base 6.
-153422143
Convert -1011111110100101 (base 2) to base 8.
-137645
22010002323 (base 4) to base 14
4c9535
What is 1011110011101100001 (base 2) in base 13?
107157
Convert c2c236 (base 13) to base 10.
4539385
What is 2b2794 (base 12) in base 2?
10110010010011100000
Convert 708ac (base 16) to base 9.
772301
15561301 (base 7) to base 9
2752277
12a66b (base 13) to base 6
13402120
What is 98e8 (base 16) in base 12?
1a7a0
-5a379 (base 13) to base 7
-1256110
-36c03 (base 14) to base 3
-20210220110
Convert -133322223 (base 4) to base 10.
-130731
74eb41 (base 15) to base 6
315201211
308213 (base 9) to base 10
183153
-117761 (base 13) to base 12
-18103b
What is -56607 (base 14) in base 4?
-303030333
Convert -11252535 (base 6) to base 11.
-219449
Convert -1010011110101101111 (base 2) to base 15.
-6bb3c
100011010111011101 (base 2) to base 11
99922
Convert -138265 (base 9) to base 2.
-10100101100110001
What is -467256 (base 12) in base 4?
-10110122202
What is 434196 (base 10) in base 2?
1101010000000010100
What is -201000000 (base 5) in base 12?
-3251a3
Convert 2870 (base 16) to base 5.
312402
Convert 13c886a (base 15) to base 5.
12130231100
-310132302 (base 4) to base 7
-1553466
Convert 10444410 (base 5) to base 12.
462aa
-121101201100210 (base 3) to base 7
-134032152
What is a98992 (base 14) in base 13?
12632a8
What is -691852 (base 14) in base 13?
-983215
What is 1526223 (base 7) in base 12?
a0903
What is -1133220231 (base 5) in base 2?
-1010000010101101110110
-5510340 (base 6) to base 3
-111220021220
What is -2222121101 (base 4) in base 8?
-2523121
Convert -13253 (base 15) to base 16.
-ef5e
What is -433303144 (base 5) in base 2?
-111000100100001101101
Convert -8b8631 (base 15) to base 11.
-3839a62
What is 103389 (base 12) in base 6?
5242253
-342202143 (base 5) to base 12
-614a79
-19284c (base 14) to base 8
-3313504
What is -239109b (base 12) in base 9?
-13886472
What is 4513ac (base 14) in base 2?
1000111100111101101100
What is -2357181 (base 11) in base 10?
-4109007
35351 (base 7) to base 2
10001110001101
Convert 43611111 (base 7) to base 16.
393b6a
Convert -52b9d (base 14) to base 4.
-300302313
Convert -515124202 (base 6) to base 7.
-135561263
What is 130398 (base 10) in base 15?
28983
Convert -667413 (base 9) to base 7.
-3251361
-3210423211 (base 5) to base 10
-6732931
Convert -11b190 (base 14) to base 7.
-5104640
Convert 32330223 (base 4) to base 5.
3424402
Convert 21323 (base 4) to base 7.
1565
-30785b (base 12) to base 5
-143303230
-26652 (base 9) to base 6
-215245
What is 1078544 (base 9) in base 5?
122134040
What is -124330 (base 5) in base 7?
-20322
46c951 (base 13) to base 9
3146614
1699a7 (base 11) to base 10
262082
Convert 10011100001000101101010 (base 2) to base 14.
972758
-ab740b (base 15) to base 2
-11111001011111000111001
43001300 (base 5) to base 8
1276227
Convert -4024d (base 15) to base 12.
-995a7
Convert 2610151 (base 7) to base 2.
1010010101011000010
21b58a4 (base 12) to base 9
13133737
Convert -2023021223 (base 5) to base 6.
-224035313
-10111110100110010011000 (base 2) to base 16
-5f4c98
Convert -111020000011 (base 3) to base 5.
-31312012
Convert 11745643 (base 9) to base 15.
78b1cc
What is 525306 (base 7) in base 6?
1535533
171623 (base 8) to base 6
1200403
What is 17489a (base 13) in base 7?
4641204
2273426 (base 8) to base 11
394059
Convert -9b5340 (base 14) to base 11.
-2a84a57
What is 10221120012200 (base 3) in base 6?
112542330
-1667a70 (base 11) to base 15
-3b05cc
2431104323 (base 5) to base 7
66432365
772ab (base 15) to base 3
201020100122
What is -9b22a (base 12) in base 10?
-205954
Convert -12960d (base 16) to base 13.
-338560
Convert -14ace0b (base 15) to base 13.
-3145658
-100110001100000010111 (base 2) to base 14
-248063
-530225 (base 6) to base 5
-2332412
What is -aab817 (base 13) in base 8?
-17263417
What is 514753 (base 11) in base 7?
10010346
-2344032 (base 5) to base 11
-2a875
Convert 5b6aaa1 (base 12) to base 10.
17810329
Convert 4220344 (base 5) to base 12.
34697
102101221 (base 3) to base 8
20172
-441305544 (base 6) to base 8
-36130150
What is 210220012 (base 4) in base 11?
a2794
What is 23044344 (base 8) in base 6?
255053204
-1a49d (base 14) to base 9
-111538
5e1d36 (base 16) to base 4
113201310312
What is -31322321302 (base 4) in base 14?
-6adc0a
110002210000 (base 3) to base 16
3a28d
-10010100011101111011111 (base 2) to base 5
-2221134431
-192676 (base 11) to base 16
-48563
2460a (base 11) to base 13
13118
What is -410224212 (base 5) in base 13?
-459569
185705 (base 10) to base 2
101101010101101001
-9127b3 (base 13) to base 2
-1100111000001100110001
What is 3b1c0 (base 13) in base 8?
327137
-12022212200010 (base 3) to base 16
-2b3635
-126235351 (base 7) to base 9
-16317077
13110033022 (base 4) to base 8
7241712
Convert -538877 (base 10) to base 5.
-114221002
Convert 471549 (base 14) to base 8.
11176275
What is 4921c8 (base 13) in base 8?
6524004
133423120 (base 5) to base 2
10100111011111010011
Convert -112774 (base 8) to base 10.
-38396
What is -88047 (base 11) in base 8?
-371523
660563 (base 8) to base 6
4425415
Convert 1f5bd (base 16) to base 15.
280d0
2101011000100 (base 3) to base 6
43021313
Convert 35243234 (base 6) to base 15.
1694b1
What is -4a4338 (base 12) in base 5?
-302210301
What is 1342334 (base 10) in base 14?
26d290
-168608 (base 12) to base 6
-12152012
-2573474 (base 9) to base 8
-5273250
Convert -4324344 (base 5) to base 11.
-50432
-18202263 (base 10) to base 4
-1011123322113
What is -3609a8 (base 12) in base 6?
-30410332
What is 324124 (base 8) in base 11?
74683
Convert -9654e5 (base 16) to base 7.
-146512264
183a92 (base 11) to base 9
471771
What is -4a019 (base 11) in base 16?
-118d6
What is 174844 (base 12) in base 16?
622b4
9c529 (base 15) to base 14
cd329
-4002e2 (base 16) to base 7
-50441305
2211144244 (base 5) to base 12
172a621
Convert -36474 (base 11) to base 5.
-3134344
What is 10123570 (base 10) in base 9?
21038831
661708 (base 9) to base 4
1200123110
What is 959705 (base 11) in base 13?
419ba0
Convert -116531 (base 7) to base 12.
-10565
What is 41854 (base 12) in base 6?
1501344
Convert -31134420 (base 5) to base 14.
-6921c
Convert -1222211211121 (base 3) to base 4.
-10002300013
Convert 1031303551 (base 6) to base 4.
221322230323
140254 (base 13) to base 16
76a38
Convert 1130442 (base 9) to base 5.
124014120
Convert -3001532 (base 6) to base 16.
-22460
Convert -10668435 (base 9) to base 2.
-10011110001010101100001
-211311122 (base 5) to base 4
-3120012222
-1102320232 (base 4) to base 2
-1010010111000101110
What is 34a2d (base 14) in base 4?
133103201
Convert -60a6 (base 13) to base 10.
-13318
299117 (base 15) to base 2
111101001100000000101
What is -175065 (base 9) in base 5?
-11434210
Convert -14741370 (base 8) to base 5.
-1332022443
What is -18277a (base 11) in base 12?
-117093
What is -1011211220000 (base 3) in base 13?
-18c42c
What is -136aba (base 14) in base 3?
-1021010100022
Convert -222dc (base 15) to base 13.
-3a5c3
Convert -13133141 (base 5) to base 16.
-1fd75
Convert 50a281 (base 13) to base 2.
111001010101101011110
-112140 (base 10) to base 6
-2223100
Conve